 l(j).
3
Let m(n) = -10*n + 37. Let h = -14744 - -14750. What is m(h)?
-23
Let p(x) = -x**2 - 4*x + 4. Let d be p(-5). Let q be 0/d*5/20. Suppose q = 3*f - 0*f - 6. Let s(n) = n**3 - n**2 + 1. Determine s(f).
5
Let c(r) be the second derivative of 8*r**3/3 - 439*r**2/2 + 2*r - 494. What is c(28)?
9
Let g(m) be the first derivative of 7*m**3/3 - m**2/2 - m - 736. Suppose 5*p = -15, 0 = 4*j + 3*p + 2*p + 27. Let r be (1 - 5 - j)/1. Give g(r).
7
Let r(i) = -i + 4. Let l = 120 + -270. Let o = -142 - l. Determine r(o).
-4
Let d(z) = -z - 1. Let k(i) = -6 - 6 + 2*i - 5 + 2. Let p be k(7). Let w(a) = a**2 - 3*a - 2. Let u(c) = p*w(c) + 2*d(c). Calculate u(-2).
-6
Let m(c) = 7*c - 55. Let k be (2 - -2) + (-1)/(4/(-16)). What is m(k)?
1
Let s(k) = k**3 + 8*k**2 + 7*k - 6. Let x(n) = n**2 - 1. Let v(h) = -s(h) + x(h). Determine v(-5).
-10
Let n(b) be the first derivative of -b**4/4 + 5*b**3/3 - 5*b**2/2 + 4*b + 63. Suppose 44 = 8*r + 3*r. Calculate n(r).
0
Let k = -27939 - -27945. Let m(o) = 7*o - 1. Let t(s) = -s. Let l(q) = -m(q) - 6*t(q). Give l(k).
-5
Let f(c) be the second derivative of 2 + 1/20*c**5 + 3/2*c**2 - 1/2*c**4 - 21*c - 1/3*c**3. What is f(6)?
-9
Suppose -3*o = -4*s + 466 - 2399, 2*s + 5*o = -999. Let y = 473 + s. Let r(j) = -j**3 - 14*j**2 + 5. Give r(y).
5
Suppose -15*f - 19*f + 18*f - 336 = 0. Let b(y) = y**3 + 21*y**2 - 2*y - 29. Determine b(f).
13
Suppose -6 = 4*g - 14. Suppose 0 = n + g*n + 21. Let q(h) = 4315 + 8*h**2 + 7*h - 13*h**3 + 14*h**3 - 4317. Determine q(n).
-2
Let x(i) = i**3 - 3*i**2 - i - 1. Let f(k) = -4*k**3 + 26*k**2 + 17*k + 4. Let h(w) = f(w) + 3*x(w). Give h(18).
-71
Let x(a) = -a + 2. Let j be x(-2). Suppose -j*l = -3*l - 3. Suppose s = 5*s - 3*g - 15, 4*s - 33 = -l*g. Let y(p) = -p**3 + 7*p**2 - 6*p - 6. Calculate y(s).
-6
Let m(g) = -7*g - 4777 + g**2 + 11*g + 4779. Let b be ((-6)/4)/((-15)/(-100)). Let i be 6/4 - (-65)/b. What is m(i)?
7
Let s(f) = -f**3 - 16*f**2 + 18*f + 19. Suppose 995*d - 1139 = 1062*d. Determine s(d).
2
Let v(t) = -84*t - 1172. Let g be v(-14). Let q(o) be the second derivative of 0 - 1/12*o**g + 4*o**2 - 5/6*o**3 - 2*o. Give q(-7).
-6
Let p = -42 - -45. Let u be (-3)/(-9) - 1/p. Let y(k) = -2*k + u*k - 4 + 8 + 0*k. What is y(9)?
-14
Let b(o) = -15*o**2 + 57*o + 47. Let g(v) = 3*v**2 - 11*v - 9. Let i(x) = 4*b(x) + 21*g(x). Calculate i(0).
-1
Let r(h) = h**3 + 4*h**2 - 6*h - 7. Let v = 560 + -564. Let y be v*((-14)/(-18) - (-14)/63). Give r(y).
17
Let g(d) be the second derivative of 0*d**2 - 1/240*d**6 + 0*d**3 - 24*d + 5/12*d**4 + 0 + 7/120*d**5. Let t(q) be the third derivative of g(q). Give t(-5).
22
Let o(t) be the first derivative of -186 + 3*t + 3/2*t**2. Calculate o(-4).
-9
Let y(f) = 76*f - 2. Suppose 3*s = 4*j + 28, -19*j = 4*s - 20*j - 7. Give y(s).
-2
Let s(c) = c**2 - 19*c + 34. Let g be s(16). Let r be (-14)/(-3) - g/(-21). Suppose 2 = j, r*j - 14 = i + 2. Let x(n) = -n**2 - 7*n + 10. Determine x(i).
2
Let r(i) = -i**3 - 4*i**2 - 10. Suppose -261 + 729 = -117*d. Determine r(d).
-10
Let b(p) be the second derivative of p**5/10 + p**4/12 - p**3/6 - 3*p. Let t(j) = -897*j + 8074. Let s be t(9). What is b(s)?
2
Let y(f) be the third derivative of f**6/120 + f**5/10 - f**4/12 - 3*f**3/2 - 1289*f**2. What is y(-7)?
-44
Let i(q) = 2*q + 11. Let l(j) = 26*j + 125. Let d(a) = 38*a + 188. Let w(t) = -5*d(t) + 7*l(t). Let o be w(-7). Calculate i(o).
-7
Let m(k) = -98*k**2 - 97*k**2 + 280*k**2 - 98*k**2 + 1. Let i be (-1)/2 + (-1)/2. Determine m(i).
-12
Let a = 1415 - 1427. Let s(x) = -6*x + 18. Give s(a).
90
Suppose -30 = 3*m - 2*o, -2*m - 4*o = -o + 7. Let h(i) be the third derivative of -i**6/120 - 7*i**5/60 + i**4/4 - 11*i**3/6 - 14*i**2 - 15*i. Determine h(m).
5
Let y(f) = -26*f + 14. Let r be -8 + (12 - 9) - -9. Determine y(r).
-90
Let s = -967 + 967. Let p(w) = s + 2 - 11 + 7 - 2*w + 1. Give p(2).
-5
Let z(f) be the first derivative of 9*f**2 - 10*f + 388. Determine z(2).
26
Let b(t) = 56 - 18 - 21 - 101*t + 100*t. What is b(-18)?
35
Suppose -j = 6*j - 35. Let f(i) be the first derivative of 34 + 1/3*i**3 - 3*i**2 + i. Calculate f(j).
-4
Let k(v) = -v**3 + 4*v**2 - 2. Let b(n) = -6*n**3 - n**2 - n - 1. Let d be b(-1). Suppose d*x + 13*x = 72. Determine k(x).
-2
Let z be 24/36 + 1/3. Let d(k) = -18*k**3 - 15 - z + k**2 + 19*k**3 - 6. Suppose 3*t = 2*t. Give d(t).
-22
Let p be (-1 - (-7)/1)/2. Suppose 0 = t - p - 1. Let s(n) be the first derivative of -n**3/3 + 3*n**2/2 + 4*n + 2. Give s(t).
0
Let i(k) = k**3. Let c(f) = -4*f**3 + 3*f**2 - 3*f + 7. Let u(z) = -c(z) - 3*i(z). Let r be -2*(78/(-60) - 1/5). Determine u(r).
2
Suppose z - 150 + 66 = 0. Let u(v) = -z*v - 6 - 6 + 171*v + v**2 - 94*v. Calculate u(9).
6
Suppose -2*x + 13470 = -5*i, 0 = i + 18 - 14. Let q(w) = x*w - 6724*w + 8 - 4. Let r(p) = p**2 - 7*p. Let j be r(6). What is q(j)?
-2
Suppose 137*x + 28 = 130*x. Let i(l) = -l**2 - 4*l + 2. Give i(x).
2
Let m be (660/1100)/((9/5)/1). Let x(z) be the third derivative of 1/60*z**5 + 0*z**4 + 7*z**2 + 0*z + 0 - m*z**3. Give x(0).
-2
Let q(z) = z**3 + 11 + 7*z**2 - 8 + 13476*z - 13480*z. Give q(-6).
63
Let p(k) = -k - 19. Let i be (1/(2 - 3))/1. Let u be -1 - (2 - 2/i). Let a be 1 + (3/u - 12/30). Give p(a).
-19
Let r(p) be the first derivative of p**3 - 37*p**2/2 + 39*p + 1195. Calculate r(1).
5
Let b(f) = -f**3 + f**2 + f + 1. Let c(s) = 6*s**3 + 4*s**2 - 2*s - 15. Let i(t) = -5*b(t) - c(t). Suppose -5*v - 264*w - 37 = -266*w, -w - 31 = 3*v. Give i(v).
37
Let y = -59 - -63. Let v(g) = 2 + y*g + 31 - g - 5*g. What is v(15)?
3
Let q(x) = -x - 21. Let n(m) = 21*m + 516. Let y be n(-25). What is q(y)?
-12
Let p(g) = 23*g**3 - 21*g**2 + 20*g - 11. Let f(i) = -7*i**3 + 7*i**2 - 7*i + 3. Let w(k) = -10*f(k) - 3*p(k). What is w(5)?
3
Let s(t) = t**3 - 6*t**2 - t + 3. Suppose 413*k = 415*k - 30. Suppose -k - 15 = -5*x. Determine s(x).
-3
Let q(o) = -o**2 + 3*o + 12. Let x(p) = 9*p**2 - 24*p - 51. Let n be x(4). Give q(n).
-6
Let s(x) = x**3 - 5*x**2 + 2*x - 7. Let q(j) = j - 12. Let v be q(6). Let d be (-245)/(-15) + (-4)/v. Suppose -3*r = -i - d, -i - 2 = -0. Determine s(r).
3
Let a(g) = -5 - 32*g + 7*g + 3*g**2 + 38*g + 0*g. Give a(-5).
5
Let d(q) = -q**2 - 4*q + 1. Let v be d(-5). Let z be (v/3)/(1/(-3)). Let h(a) = a + 229 + 286 - 519. Give h(z).
0
Let x(c) = c**3 - c**2 + c - 2. Let s be 2/(-6)*-6 + -3 + 13. Suppose s = -9*h + 30. Let q be (-91)/35 + 3 + h/(-5). Calculate x(q).
-2
Let l(v) be the second derivative of -11*v**4/12 - v**3/2 - v**2 + 2*v - 983. Determine l(-2).
-40
Let s(t) be the third derivative of 1/120*t**6 - 53*t**2 + 7/20*t**5 - 2*t - 11/12*t**4 + t**3 + 0. Give s(-22).
6
Suppose 581*b - 514*b = -1541. Let o(t) = t**2 + 18*t - 107. Give o(b).
8
Suppose 15 = -2*g - g. Let i(w) = -7337*w + 3667*w + 3670*w - w**2. Let f(y) = 6*y**2 - y - 7. Let a(k) = g*i(k) - f(k). Calculate a(0).
7
Let l(i) = -i**2 + 2*i**2 - i - 9*i**3 + 0*i**3. Let s(v) = 5*v - 73. Let b be s(11). Let w be ((-5)/2)/(-5) - 9/b. Calculate l(w).
-9
Let w(o) = 108684 + o + 108685 - 217366. Suppose -4 = -2*x + 3*x. Give w(x).
-1
Let w(r) be the first derivative of -21*r**2/2 - 45*r + 4601. Give w(-4).
39
Let m(v) = -9*v**2 - 8*v + 3. Let d be m(4). Let u = 179 + d. Let k(b) = b**3 - 6*b**2 - b. Determine k(u).
-6
Let y = 85 + -35. Let b = y + -13. Let m = b - 42. Let d(k) = k**2 + 6*k - 1. What is d(m)?
-6
Let b(k) = 2*k**3 + k**2 - 7*k - 4. Let o be b(3). Let g(f) = -f**3 + f - 68 + 4*f**2 + 37 + 3*f + o. Give g(5).
2
Let w(b) be the second derivative of -b**4/12 + 11*b**3/6 + 63*b**2/2 - 41*b. Let t(z) be the first derivative of w(z). Calculate t(5).
1
Let m(x) = 30*x + 1756. Let i be m(-59). Let y(r) = r + 15. What is y(i)?
1
Let u(g) = -g**2 - 19*g + 2998. Let t be u(-65). Let c(s) = -s**3 + 7*s**2 + 9*s + 16. Calculate c(t).
24
Let p(j) = -4*j**2 - 4*j - 3. Let y(r) = r**3 - 4*r**2 + 6*r - 4. Suppose 4 = -2*q - 4*c, 0 = 2*c + c + 9. Let x be y(q). Let v be (x/(-8))/5*4. Determine p(v).
-11
Let v = 785 + -557. Let s = -235 + v. Let r(z) = z - 8. Give r(s).
-15
Let k(u) = -3*u**2 + 3*u. Let r = -34 - -33. Let z(m) = 3*m**2 + 8*m + 7. Let t be z(r). Calculate k(t).
-6
Let i(o) = -3*o**2 + 13*o + 60. Let v(u) = 11*u**2 - 37*u - 177. Let h(j) = -7*i(j) - 2*v(j). Determine h(-8).
6
Let v(x) = 3